 96. Calculate the remainder when 100 is divided by z.
22
Let w(f) = -4*f**3 - f + 1. Let j be w(1). Suppose -24 = -x + 1. Let y = x + j. Calculate the remainder when y is divided by 11.
10
What is the remainder when 2967/92*(-4)/(-1) is divided by 12?
9
Suppose 0*j - 3*j + 114 = 0. What is the remainder when j is divided by ((-4)/(-10))/((-3)/(-75))?
8
Let o = -43 - -48. Suppose 5*g - 2*q = -o*q + 118, q + 30 = g. Calculate the remainder when g is divided by 16.
10
Let s be (-2)/(-8) + (-649)/(-44). Let t = s - 15. Suppose -x - 3*v + 89 = t, 5*x - 4*v - 207 = 238. Calculate the remainder when x is divided by 30.
29
Suppose -65874 - 6907 = -73*t. What is the remainder when t is divided by 37?
35
Suppose -10*x + 1 = 231. Let s = -11 - x. What is the remainder when s is divided by 8?
4
Suppose 3*s + 80 = 4*f, s = -2*f + 31 + 19. What is the remainder when f is divided by 4?
3
Let z = 840 - 780. What is the remainder when z is divided by 19?
3
Let g = -498 + 860. What is the remainder when g is divided by 122?
118
Suppose -2*a = -4*k + 120, k - a = 4*a + 12. Let s be (-16)/2*(-44)/(-16). Let t = k + s. Calculate the remainder when t is divided by 4.
2
Suppose 78*o - 7560 = 48*o. What is the remainder when o is divided by 44?
32
Calculate the remainder when 319 is divided by 20/(108/(-16) - -7).
79
Let w(r) = 52*r - 3. Let k be w(3). Suppose 65 = 2*s - k. Let c = 1915 - 1887. What is the remainder when s is divided by c?
25
Let b(z) = -z**2 - 9*z - 11. Let m be b(-7). Suppose 2*i + m - 33 = 0. What is the remainder when i is divided by ((-27)/(-6) - 3)*6?
6
Calculate the remainder when (-71)/(-4) - (-5)/20 is divided by 6.
0
Suppose -4*s - 3 = -5*s. Let i = -519 - -523. What is the remainder when i is divided by s?
1
Let d(f) = -f**2 - 33*f - 38. Suppose -2*s + 61 = -5*t, -9 = -4*s + 2*t + 73. Calculate the remainder when d(-27) is divided by s.
16
Suppose -8*h = -733 + 709. Calculate the remainder when 56 is divided by h.
2
Suppose 187*k - 85 = 170*k. Calculate the remainder when 182 is divided by k.
2
Let y(r) = r**3 - 2*r**2 - 2*r - 1. Let b be y(4). Let p = 25 - b. Calculate the remainder when 7 is divided by p.
1
Suppose -4*w = 19 - 3. Let s(v) = -v**2 - 6*v + 2. What is the remainder when 17 is divided by s(w)?
7
Let l(f) = -8*f - 51. Let c be l(-7). What is the remainder when 128 is divided by 23 + c/((-20)/4)?
18
Let f be (5 - 3 - 3)*-35. Let p(n) = 12*n - 7*n + f - 8*n + 39. What is the remainder when p(0) is divided by 25?
24
Let l(f) = 2*f**3 - 28*f**2 + 34*f - 42. Calculate the remainder when l(13) is divided by 35.
27
Let x = 159 + -300. Let z = 232 + x. What is the remainder when z is divided by 19?
15
Let k(g) be the first derivative of 7*g**3/3 + g**2 - g + 2. Suppose 13*m = 18*m - 75. Calculate the remainder when m is divided by k(1).
7
Let q be -12 + (-3 + -1 - -8). Let k(w) = w**3 + 7*w**2 - 7*w + 9. Let i be k(q). Let t(d) = 16*d + 1. What is the remainder when 50 is divided by t(i)?
16
Let b be (-22)/(-55) + 27/(-5). Let z = -2 - b. What is the remainder when 10 is divided by z?
1
Let t be -8 + 9 + 0 + 40. Let r = t - 28. Suppose -299 = -5*l + 4*q, 0 = 3*l - 2*q - 282 + 101. What is the remainder when l is divided by r?
11
Suppose 3*v + 0 = -2*l - 2, -l + 2*v + 13 = 0. Suppose -l*k + 230 = -5*x, -5*x + 176 = 5*k - 44. Calculate the remainder when k is divided by 16.
13
Suppose -135 - 403 = -2*w. Calculate the remainder when w is divided by 18.
17
Let k(s) be the third derivative of 0*s - 1/60*s**5 + 0 - s**3 + 2*s**2 + 17/24*s**4. What is the remainder when k(12) is divided by 19?
16
Let b be 2 + -1*36/4. Let z(y) = -y**3 - 8*y**2 - 8*y + 9. Let j be z(b). Calculate the remainder when 8 is divided by ((-40)/j)/(1/(-2)).
3
Let s(f) = -f**2 + 6*f + 2. Let h be ((-36)/21)/(6/(-21)). Let z be s(h). Suppose -g = -z - 2. What is the remainder when 6 is divided by g?
2
Suppose l - 400 = -0*f - 4*f, 2*f = 5*l - 1978. What is the remainder when l is divided by 102?
90
Suppose -5*a - 2*d = -3815, 2*d - 127 = -a + 628. Calculate the remainder when a is divided by 64.
61
Calculate the remainder when (174/8)/(162/432) is divided by 44.
14
Let r(a) = a**2 - 7*a + 10. Let l be (-50)/(-2) + 2/1. Let y = l + 1. What is the remainder when r(11) is divided by y?
26
Let p be 0/((-8)/(-2)) + 11. Suppose -k + 44 = p. Calculate the remainder when 63 is divided by k.
30
Let h(b) = b + 47. Let u be (-118)/(-14) + 33/(-77). What is the remainder when h(u) is divided by (-59)/(-3) - 1/(-3)?
15
Suppose 0 = 34*o - 1250 - 484. Calculate the remainder when 127 is divided by o.
25
What is the remainder when 251 is divided by 31 + 5 + 3 + 3?
41
Let v(c) = 2*c**2 - 2*c - 31. What is the remainder when 422 is divided by v(7)?
51
Suppose -2*l + 0*n = 2*n - 4, 5*n - 10 = -2*l. Suppose 0*r - 3*r + 48 = l. What is the remainder when r is divided by 5?
1
Let y = -901 - -918. What is the remainder when 930 is divided by y?
12
Suppose 4*i - 458 = 62. Suppose -i = -5*c - 0. What is the remainder when 98 is divided by c?
20
Calculate the remainder when 162 is divided by (2 + 68/(-14))*-28.
2
Suppose 9*s = 8*s + 20. Let n(q) = 0*q**2 - 6*q - 6*q**2 - 4*q + 7*q**2 + 7. Calculate the remainder when s is divided by n(10).
6
Let t(g) = -3*g - 1. Let a be t(-1). Let n = a - 0. Suppose -n*q = 10, 2*q + q + 131 = 4*u. Calculate the remainder when 57 is divided by u.
28
Let m(c) = -c**2 + 6*c + 2. Let l = 7 - 9. Let t = l + 7. What is the remainder when 32 is divided by m(t)?
4
Suppose -3*k = i - 2589, -4*k - 97*i + 92*i + 3452 = 0. Calculate the remainder when k is divided by 17.
13
Suppose 5*x - 20 = 0, -4*x = 4*a - 93 - 87. Let h = -6 + 10. Suppose 5*g - 22 = -3*t + 39, -h*t = -8. What is the remainder when a is divided by g?
8
Suppose 3*v = -4*i + 54, 9 = 3*v - 5*i - 18. Suppose -276 + 416 = 7*q. Let x = q - v. Calculate the remainder when 17 is divided by x.
5
Calculate the remainder when 61 is divided by ((-53)/1)/(4 + (-25)/5).
8
Suppose -2*f - 2 = u, 5*f - 8 = -0*u + 4*u. Let c(n) = -2*n + 3. What is the remainder when 12 is divided by c(u)?
5
Calculate the remainder when -6*(7 - (-176)/(-12)) is divided by 16.
14
What is the remainder when (-2 - (-576)/3) + -3 + 2 is divided by 12?
9
Let z(f) = f**2 - 11*f - 10. Let c(p) = -2*p**2 + 12*p + 11. Let a(o) = -5*c(o) - 6*z(o). What is the remainder when a(-4) is divided by 24?
21
Calculate the remainder when (-9)/3*(-1891)/93 is divided by 16.
13
Let y(h) = h + 30. Let j be y(18). Calculate the remainder when 29 is divided by j/2*1/4*2.
5
Suppose 3*c + 2*k = 69, 46 = 2*c + k + 3*k. What is the remainder when c is divided by (-1)/((1/(-2))/(-1)) + 15?
10
Let n = 4453 + -4441. Suppose 3*s + s - 20 = -2*w, -3*s + 5*w = -41. What is the remainder when n is divided by s?
5
Let q(i) = -128*i**3 + 12*i**2 + 5*i + 4. What is the remainder when q(-1) is divided by 14?
13
Suppose -19 + 71 = 4*r. Let f = -93 + 113. What is the remainder when f is divided by r?
7
Suppose 0 = -c + 1 + 2. Suppose -115 = -c*s - 2*s. What is the remainder when 91/(7/((-7)/(-1))) is divided by s?
22
Let t(g) = -g**2 - 22*g - 103. What is the remainder when 75 is divided by t(-14)?
3
Let i(n) = n**3 - 7*n + 9. Calculate the remainder when 53 is divided by i(3).
8
Let t = 88 + 20. What is the remainder when t is divided by 22?
20
Suppose -3*q - 2*q + i = -20, 2*q + 4*i = -14. Suppose -q*x = x - 16, 0 = 3*w + x - 34. Calculate the remainder when 18 is divided by w.
8
Let a(p) = -25*p + 1312. Calculate the remainder when a(-7) is divided by 124.
123
Suppose 2*q + 5 = -3*q. Let c(k) = -4. Let z(r) = -r + 1. Let a(y) = q*c(y) - 6*z(y). Calculate the remainder when a(4) is divided by 12.
10
Suppose 12 = -5*o + 2*o. Let i(m) = 4 - m - 4*m - 3. Calculate the remainder when 82 is divided by i(o).
19
Suppose -29*w + 922 = -3602. Calculate the remainder when w is divided by 32.
28
Suppose 2*l = -2*l - 44. Calculate the remainder when 131 is divided by (-3)/((-3)/l)*-3.
32
Let d(l) = l**3 + 20*l**2 - 14*l - 4. Let h(c) = -c**3 - 19*c**2 + 15*c + 5. Let p(x) = 2*d(x) + 3*h(x). Calculate the remainder when p(-18) is divided by 9.
7
Suppose -5*x = 3*z - 36, 5*z + 5*x = 76 - 26. Let a be (-15)/(-6) + (6/4)/3. What is the remainder when z is divided by (-1)/(-3)*a + 2?
1